{"id":19,"date":"2016-07-31T23:50:06","date_gmt":"2016-07-31T21:50:06","guid":{"rendered":"http:\/\/www.praxis-jarrestadt.de\/?page_id=19"},"modified":"2020-04-23T13:42:18","modified_gmt":"2020-04-23T11:42:18","slug":"allgemeinmedizin","status":"publish","type":"page","link":"http:\/\/www.praxis-jarrestadt.de\/?page_id=19","title":{"rendered":"Allgemeinmedizin"},"content":{"rendered":"<p>Schwerpunkt der allgemeinmedizinischen Versorgung in der Praxis Jarrestadt ist das Erkennen von gef\u00e4hrlichen Krankheitsverl\u00e4ufen und die sachgerechte Zuweisung in fach\u00e4rztliche Behandlungen. Dabei spielen Ma\u00dfnahmen zur Vorsorge (Pr\u00e4vention) und die Einleitung rehabilitativer Ma\u00dfnahmen eine wichtige Rolle.<\/p>\n<p>In diesem Zusammenhang werden auch Methoden der Chinesischen Medizin erg\u00e4nzend zur westlichen Medizin angeboten. Die Diagnostik der Chinesischen Medizin bietet gerade in der Pr\u00e4vention besondere M\u00f6glichkeiten. Durch eine systematische Erhebung Ihrer Beschwerden und Ihrer Krankengeschichte, erg\u00e4nzt durch Zungen- und Pulsdiagnostik finden sich fr\u00fchzeitig Hinweise auf Ungleichgewichte der K\u00f6rperregulation. Erg\u00e4nzende Untersuchungen k\u00f6nnen eingeleitet und die Ungleichgewichte mit Methoden der Chinesischen Medizin behandelt werden.<\/p>\n<p>Ferner k\u00f6nnen wir Ihnen anbieten, die Nebenwirkungen oder Folgen von westlichen Therapien zu lindern. So kann es gelingen, die Dosis nebenwirkungsreicher Medikamente \u2013 z.B. Kortison bei Asthma, entz\u00fcndlichen Darmerkrankungen oder Rheuma &#8211; zu reduzieren, Nervensch\u00e4den nach Chemotherapie zu regenerieren oder die Verdauungsfunktion nach Antibiotika-Therapien zu regulieren. Auch in der Rehabilitationstherapie &#8211; z.B. bei L\u00e4hmungen oder Sprachst\u00f6rungen nach Schlaganfall oder bei der Behandlung von Diabetesfolgen &#8211; k\u00f6nnen mit Akupunktur zus\u00e4tzliche Angebote gemacht werden.<\/p>\n<p>Wir weisen darauf hin, dass diese sinnvollen zus\u00e4tzlichen Ma\u00dfnahmen nach dem Sozialgesetzbuch noch nicht zu Lasten der gesetzlichen Krankenkassen abgerechnet werden d\u00fcrfen. Private Krankenversicherer \u00fcbernehmen schon einen wesentlichen Teil der entstehenden Kosten.<\/p>\n","protected":false},"excerpt":{"rendered":"<p>Schwerpunkt der allgemeinmedizinischen Versorgung in der Praxis Jarrestadt ist das Erkennen von gef\u00e4hrlichen Krankheitsverl\u00e4ufen und die sachgerechte Zuweisung in fach\u00e4rztliche Behandlungen. Dabei spielen Ma\u00dfnahmen zur Vorsorge (Pr\u00e4vention) und die Einleitung rehabilitativer Ma\u00dfnahmen eine wichtige Rolle. In diesem Zusammenhang werden auch Methoden der Chinesischen Medizin erg\u00e4nzend zur westlichen Medizin angeboten. Die Diagnostik der Chinesischen Medizin bietet [&hellip;]<\/p>\n","protected":false},"author":1,"featured_media":7,"parent":0,"menu_order":0,"comment_status":"open","ping_status":"open","template":"","meta":{"footnotes":""},"class_list":["post-19","page","type-page","status-publish","has-post-thumbnail","hentry"],"_links":{"self":[{"href":"http:\/\/www.praxis-jarrestadt.de\/index.php?rest_route=\/wp\/v2\/pages\/19","targetHints":{"allow":["GET"]}}],"collection":[{"href":"http:\/\/www.praxis-jarrestadt.de\/index.php?rest_route=\/wp\/v2\/pages"}],"about":[{"href":"http:\/\/www.praxis-jarrestadt.de\/index.php?rest_route=\/wp\/v2\/types\/page"}],"author":[{"embeddable":true,"href":"http:\/\/www.praxis-jarrestadt.de\/index.php?rest_route=\/wp\/v2\/users\/1"}],"replies":[{"embeddable":true,"href":"http:\/\/www.praxis-jarrestadt.de\/index.php?rest_route=%2Fwp%2Fv2%2Fcomments&post=19"}],"version-history":[{"count":3,"href":"http:\/\/www.praxis-jarrestadt.de\/index.php?rest_route=\/wp\/v2\/pages\/19\/revisions"}],"predecessor-version":[{"id":300,"href":"http:\/\/www.praxis-jarrestadt.de\/index.php?rest_route=\/wp\/v2\/pages\/19\/revisions\/300"}],"wp:featuredmedia":[{"embeddable":true,"href":"http:\/\/www.praxis-jarrestadt.de\/index.php?rest_route=\/wp\/v2\/media\/7"}],"wp:attachment":[{"href":"http:\/\/www.praxis-jarrestadt.de\/index.php?rest_route=%2Fwp%2Fv2%2Fmedia&parent=19"}],"curies":[{"name":"wp","href":"https:\/\/api.w.org\/{rel}","templated":true}]}}